6362. Calculate the highest common divisor of o and 17.
17
Suppose -r = -m - 446, -87*r + 91*r - 3*m - 1789 = 0. What is the greatest common divisor of 123 and r?
41
Let k = -45 - -45. Suppose k*y - 3*y + 50 = 2*w, -4*y + 75 = w. Suppose y = 2*i - i. Calculate the greatest common divisor of 80 and i.
20
Suppose 5*f - k = 27971 + 24894, 3*k + 10559 = f. What is the highest common divisor of 102 and f?
34
Let o(x) = -x**3 + 5*x**2 - 3*x - 10. Let t be o(5). Let y = 9 - t. Suppose -v + 33 = -2*l - 24, -v = 5*l - 36. Calculate the greatest common factor of y and v.
17
Suppose 2*a - 168 = -4*r, -3*r + 165 = 3*a - 90. Let p = 18 + a. Calculate the highest common factor of p and 13.
13
Suppose -4*l - 1596 = -7*l. Let z = -850031 - -850059. Calculate the greatest common divisor of z and l.
28
Let k = 493 - 477. Suppose -347 + 59 = -k*o. What is the greatest common divisor of 342 and o?
18
Let y = 90 - -14. Suppose -v + 82 = -0*w - 5*w, 0 = w - 0*w + 10. Calculate the highest common divisor of v and y.
8
Let f be (-8 - 1)/((3/(-54))/1). Let y = 206 - f. Calculate the highest common factor of y and 22.
22
Let i = 9450 - 8323. What is the highest common divisor of i and 7?
7
Let o = -74 - -74. Suppose o = -17*j + 14*j + 39. What is the greatest common divisor of 26 and j?
13
Let k(m) = -m**3 + 5*m**2 + 5*m + 2. Let c be k(5). Let s(h) = -h**2 - 15*h + 351. Let u be s(-27). Calculate the greatest common divisor of u and c.
27
Let r = -9098 - -9586. What is the greatest common factor of 96 and r?
8
Suppose -5*v + 65 = -5. Let c be (-8592)/(-88) + 8/22. What is the greatest common divisor of c and v?
14
Let f(l) = -3*l**2 - 47*l + 34. Let y be f(-14). Suppose 0 = -4*x - 4*i - 16 + y, 0 = x + 3*i - 32. Calculate the greatest common factor of 2 and x.
1
Let s = -443 + -430. Let w = -725 - s. Let f = 29 - -8. What is the highest common divisor of f and w?
37
Let s(c) = 2*c - 3. Let q be s(5). Suppose b - q + 47 = y, 2*b = y - 36. Let i = 148 - 60. What is the greatest common factor of y and i?
44
Let s be 0/11*1*-1 - (-10)/2. Suppose -50 = -7*n + 2*n. What is the highest common divisor of n and s?
5
Let b(c) = 12*c**3 + 2*c**2 + 7*c - 6. Let d be b(2). What is the greatest common divisor of 3108 and d?
28
Let y be (98/(-21) + 8)*-60. Let d = -168 - y. What is the greatest common divisor of d and 112?
16
Let j = -2594 + 3754. What is the greatest common factor of j and 348?
116
Let y = 103 + -71. Suppose 2*t + 8 = 0, 4*g - y = 2*t - 0*t. Suppose 9*l - 69 = g*l. What is the highest common divisor of 46 and l?
23
Let t(p) = 14*p - 47. Let o be t(9). Let l = 82 - o. Suppose 0 = -v + j - 6*j + 222, -l*v + 722 = j. Calculate the highest common divisor of v and 22.
22
Let u = 94 + 140. Let o(n) = n**2 + 35*n + 29. Let g be o(-34). Let s be -4 + 34 + g + (-2 - -3). What is the highest common factor of s and u?
26
Let z = 267 + -269. Let o be 1/z + (-363)/(-22). Calculate the greatest common factor of 8 and o.
8
Suppose 361 = 100*r - 11639. Calculate the greatest common factor of r and 930.
30
Suppose -4*f = -2*r - 106, -7*r + 2*r - 237 = 4*f. Let z = r + 140. What is the greatest common factor of 26 and z?
13
Suppose -15*n = -14995 - 6485. Calculate the greatest common factor of n and 56.
8
Suppose 3*l - 15 = -2*l. Suppose l*t = -2*j + 22, 55 = j + 4*j - t. What is the greatest common factor of j and 66?
11
Let a = -21235 - -21827. What is the highest common factor of 512 and a?
16
Let d = -22625 + 31200. Calculate the highest common divisor of 75 and d.
25
Suppose 16*f + 1489 - 2033 = 0. Calculate the highest common divisor of 306 and f.
34
Suppose 0 = 2*v + 12, 10*s + v = 5*s + 2194. Calculate the greatest common divisor of 16 and s.
8
Suppose -3*d + n + 77 + 17 = 0, -d + 6*n = -54. Calculate the highest common divisor of d and 710.
10
Suppose -t + 18306 = 25*f - 21*f, -f + 4575 = t. Calculate the greatest common divisor of f and 46.
23
Let c(f) = 77*f - 9. Let o be c(-1). Let x = -126 - -236. Let y = x + o. What is the highest common factor of y and 32?
8
Let l = -3203 - -3226. Suppose 2*j = 5*j - 207. Calculate the highest common factor of j and l.
23
Let m be (2 - 3)/((52/16)/(-13))*28. Calculate the greatest common factor of m and 1876.
28
Let g be (90/(-75))/(1/(-5)). Suppose 638 = 5*c + 2*h, 16 = g*h - 2*h. Calculate the highest common divisor of 36 and c.
18
Let n(z) = z**3 - 6*z**2 - 14*z + 18. Suppose -27*g + 29*g = 18. Let v be n(g). What is the highest common divisor of v and 30?
15
Let y(x) = -2 + 33*x + 10*x - 22*x + 20*x**2. Let j be y(-2). What is the greatest common factor of j and 900?
36
Let c be (-2 + 1 + 4)/((-12)/(-636)). Suppose -6*y - c = -459. Suppose 5*q = -0*q + y. Calculate the greatest common divisor of q and 5.
5
Let h(q) = -259*q + 245. Let o be h(-10). Calculate the highest common divisor of o and 210.
105
Let k(z) = -z. Suppose 8*r + 3 = 7*r. Let f be k(r). Let c be (1/3)/(2/54). What is the greatest common divisor of c and f?
3
Let r(p) = 4*p**2 - 2*p - 14. Let x be r(-4). Let v be -2 - 0 - (x - 853). What is the highest common divisor of 61 and v?
61
Let h(z) = -249*z + 48. Let p be h(-1). Suppose -133 = -4*f + q, 0*f + 37 = f - 4*q. Calculate the highest common divisor of p and f.
33
Suppose 8*r - 23 = 7*r - 3*m, 5*r - 45 = -5*m. Calculate the highest common divisor of 1884 and r.
2
Let c be ((-1)/1)/((-48)/1344). What is the highest common factor of 2268 and c?
28
Let k(c) = -c**2 + 12*c - 29. Let l be k(8). Suppose 3*i = l*d + 99, 3*d + 164 = 5*i + 1. Calculate the greatest common factor of 32 and i.
32
Let c = -31 - -35. Suppose 2*v = -c*s + 80, 4*v + 55 = 2*s - 5. Calculate the greatest common divisor of s and 2.
2
Suppose -4*u + 1 = -23. Suppose -61*t + 63*t = u. Suppose -98 = -4*k + 3*d, 0*k - 29 = -k + t*d. What is the highest common divisor of 253 and k?
23
Suppose 0 = -321*h - 41*h + 51*h + 89257. Suppose 5*t + 0*t + 4*k - 217 = 0, t - 29 = 4*k. What is the highest common factor of t and h?
41
Let b(o) = 251*o + 1. Let w be b(1). Suppose -31*t + 49*t = 28*t - 180. Calculate the highest common divisor of t and w.
18
Suppose 0 = 521*s - 70039 - 33761 - 32702. What is the greatest common factor of s and 1?
1
Let v = -5 - -8. Let w be (10/6)/((-15)/(-1098)). Suppose -5*p = -w - 43. Calculate the greatest common factor of v and p.
3
Let q be (60 - -22)*(2 + 1). Calculate the highest common factor of q and 6027.
123
Suppose 71*r - 3108 = 65*r. Suppose 0 = p + 185 - r. Calculate the highest common divisor of p and 37.
37
Let a be ((-18)/5)/(14/(-105)). Let k be a/(-2)*88/(-33). Let n be (162/(-4))/((-12)/16). Calculate the highest common divisor of k and n.
18
Let k be (24/(-28))/((-5)/175). Let n be (-2)/((-48)/k)*28. Calculate the greatest common divisor of 385 and n.
35
Suppose -i + 36*k + 1034 = 37*k, 2*k - 5158 = -5*i. What is the highest common factor of i and 10?
10
Suppose -8 = m + 3*j, -3*j + 42 = -4*m - 20. Let q = m - -24. Suppose 5*s = 4*n + 160 + 94, -2*n - 152 = -3*s. What is the greatest common divisor of q and s?
10
Suppose -26*p - 57 = -3*h - 27*p, 6 = p. Calculate the greatest common divisor of 9707 and h.
17
Let c(r) = -10*r**3 - 2*r**2 - r + 2. Let p be c(-2). Suppose -24 = -78*w + p*w. Suppose -6*q - 624 = -w*q. What is the greatest common divisor of q and 13?
13
Suppose -j + 4 = 3*r + 5, -5*j + 12 = -2*r. Suppose -83 = -3*u - j*h, 2*u + 2*u + 4*h = 108. Let b = 128 + -70. Calculate the greatest common factor of u and b.
29
Suppose -4*p + 2*d = -12, 0 = 4*d - 21 + 5. Let b = p + 18. Let y(c) = 4*c - 33. Let t be y(14). What is the highest common divisor of b and t?
23
Let z be (256/12)/((-8)/(-30)). What is the greatest common factor of 98 and z?
2
Let w be (4 + -3)/(2/4). Suppose 240 = 2*k + w*k. Suppose 1000 = 24*l + 26*l. Calculate the highest common divisor of k and l.
20
Suppose -13*i = 5421 - 1534. Let w = 453 + i. What is the highest common divisor of 70 and w?
14
Suppose 17*z = z + 734 + 66. What is the highest common divisor of 280 and z?
10
Suppose a + l + 0*l - 141 = 0, 0 = 5*a - 5*l - 655. Let t = a - 209. Let i = t + 109. What is the greatest common divisor of i and 24?
12
Suppose -3*b - 53 - 42 = 4*u, -u - 17 = 3*b. Let g be (u - -32)*(0 + (-17)/(-3)). Calculate the highest common factor of